{"id":11,"date":"2014-04-10T22:37:56","date_gmt":"2014-04-10T20:37:56","guid":{"rendered":"http:\/\/dieter-radelt.de\/?page_id=11"},"modified":"2018-04-05T23:36:32","modified_gmt":"2018-04-05T21:36:32","slug":"die-route","status":"publish","type":"page","link":"https:\/\/dieter-radelt.de\/?page_id=11","title":{"rendered":"Die Route 2014 &#8211; nach S\u00fcdwest"},"content":{"rendered":"<p>Montag, 26. Mai 2014 um 7:20 Uhr :  Start in Neuhausen auf den Fildern. F\u00fcnf Wochen lang mit dem Fahrrad immer Richtung S\u00fcdwesten, quer durch Frankreich bis an den Atlantik bei <a href=\"http:\/\/dieter-radelt.de\/?p=576\">Biarritz<\/a>, weiter in Spanien \u00fcber <a href=\"http:\/\/dieter-radelt.de\/?p=727\">Burgos<\/a> und <a href=\"http:\/\/dieter-radelt.de\/?p=775\">Leon<\/a> bis <a href=\"http:\/\/dieter-radelt.de\/?p=899\">Santiago<\/a> und dann Richtung S\u00fcden \u00fcber <a href=\"http:\/\/dieter-radelt.de\/?p=981\">Porto<\/a> bis nach <a href=\"http:\/\/dieter-radelt.de\/?p=1207\">Lissabon<\/a> &#8211; insgesamt ca. 3.200 Kilometer.<\/p>\n<p>Die Stationen und die Route der Fahrradtour habe ich t\u00e4glich in nachfolgende Tabelle eintragen.<br \/>\n\n<table id=\"tablepress-2\" class=\"tablepress tablepress-id-2\">\n<thead>\n<tr class=\"row-1\">\n\t<th class=\"column-1\">Tag<\/th><th class=\"column-2\">Stationen<\/th><th class=\"column-3\">Entf.<\/th>\n<\/tr>\n<\/thead>\n<tbody class=\"row-hover\">\n<tr class=\"row-2\">\n\t<td class=\"column-1\">Mo., 26. Mai<\/td><td class=\"column-2\"><a href=\"http:\/\/www.gpsies.com\/map.do?fileId=avtayjkblpcufhjp\">Neuhausen - Dettenhausen - T\u00fcbingen - Rottenburg - Horb - Alpirsbach<\/a> <\/td><td class=\"column-3\"> 114 km<\/td>\n<\/tr>\n<tr class=\"row-3\">\n\t<td class=\"column-1\">Di., 27. Mai<\/td><td class=\"column-2\"><a href=\"http:\/\/www.gpsies.com\/map.do?fileId=wcqzugrfoixxotji\">Haslach - Elzach - Freiburg - Bad Krozingen - Neuenburg<\/a> <\/td><td class=\"column-3\"> 120 km<\/td>\n<\/tr>\n<tr class=\"row-4\">\n\t<td class=\"column-1\">Mi., 28. Mai<\/td><td class=\"column-2\">Mulhouse - Brunstatt - Dannemarie - Montbeliard - L'Isle-sur-le-Dobs<\/td><td class=\"column-3\">107 km<\/td>\n<\/tr>\n<tr class=\"row-5\">\n\t<td class=\"column-1\">Do., 29. Mai<\/td><td class=\"column-2\">Clerval - Baume-les-Dames - Besancon - Orchamps - Dole<\/td><td class=\"column-3\"> 127 km<\/td>\n<\/tr>\n<tr class=\"row-6\">\n\t<td class=\"column-1\">Fr., 30. Mai<\/td><td class=\"column-2\">Dole - Verdun-sur-le-Doubs - Chalon-sur-Saone - Givry - Buxy - Taiz\u00e9<br \/>\n<\/td><td class=\"column-3\"> 134 km<\/td>\n<\/tr>\n<tr class=\"row-7\">\n\t<td class=\"column-1\">Sa., 31. Mai<\/td><td class=\"column-2\">Cluny - Charolles - Paray-le-Monial - Digoin - Diou -Dompierre-sur-Besbre - Vaumas<\/td><td class=\"column-3\">123 km<\/td>\n<\/tr>\n<tr class=\"row-8\">\n\t<td class=\"column-1\">So., 1. Juni<\/td><td class=\"column-2\">Jaligny - Cusset - Vichy - Maringues - Pont-du-Ch\u00e2teau<\/td><td class=\"column-3\">113 km<\/td>\n<\/tr>\n<tr class=\"row-9\">\n\t<td class=\"column-1\">Mo., 2. Juni<\/td><td class=\"column-2\">Vic-le-Comte - Issoire - Lempdes-sur-Allgnon - Massiac - Neussargues<\/td><td class=\"column-3\">112 km<\/td>\n<\/tr>\n<tr class=\"row-10\">\n\t<td class=\"column-1\">Di., 3. Juni<\/td><td class=\"column-2\"><a href=\"http:\/\/www.gpsies.com\/map.do?fileId=fkxsqsliebsoscfh\">Murat - Lioran - Col-de-Cere - Vic-sur-Cere -Arpajon-sur-Cere<\/a> <\/td><td class=\"column-3\"> 62 km<\/td>\n<\/tr>\n<tr class=\"row-11\">\n\t<td class=\"column-1\">Mi., 4. Juni<\/td><td class=\"column-2\"><a href=\"http:\/\/www.gpsies.com\/map.do?fileId=fknmjitbofxjgadg\">Maurs - Figeac  -St.Sulpice <\/a><\/td><td class=\"column-3\">102 km<\/td>\n<\/tr>\n<tr class=\"row-12\">\n\t<td class=\"column-1\">Do., 5. Juni<\/td><td class=\"column-2\"><a href=\"http:\/\/www.gpsies.com\/map.do?fileId=irwuhplgctdakwew\">Cajarc - St.Gery - Cahors - Fumel - St.Sylvestre-sur-Lot <\/a><br \/>\nTracking zu sp\u00e4t ausgeschaltet.<\/td><td class=\"column-3\">135 km<\/td>\n<\/tr>\n<tr class=\"row-13\">\n\t<td class=\"column-1\">Fr., 6. Juni<\/td><td class=\"column-2\">Tracking zu sp\u00e4t eingeschaltet.<br \/>\n<a href=\"http:\/\/www.gpsies.com\/map.do?fileId=dfaxtqdznkgqvaka\">Villeneuve-sur-Lot - Castelmoron-sur-Lot - Aiguillon - Buzet-sur-Baise - Vianne - Mezin - Gabarret <\/a><\/td><td class=\"column-3\"> 118 km<\/td>\n<\/tr>\n<tr class=\"row-14\">\n\t<td class=\"column-1\">Sa., 7. Juni<\/td><td class=\"column-2\"><a href=\"http:\/\/www.gpsies.com\/map.do?fileId=logekaeshpmqxfcj\">Villeneuve-de- Marsan - Mont-de-Marsan - Mugron - Narosse <\/a><\/td><td class=\"column-3\">117 km<\/td>\n<\/tr>\n<tr class=\"row-15\">\n\t<td class=\"column-1\">So., 8. Juni<\/td><td class=\"column-2\"><a href=\"http:\/\/www.gpsies.com\/map.do?fileId=athitbyfctnlrqzt\">Dax - Saint-Lon-les-Mines - Bayonne - Biarritz <\/a><\/td><td class=\"column-3\"> 82 km<\/td>\n<\/tr>\n<tr class=\"row-16\">\n\t<td class=\"column-1\">Mo., 9. Juni<\/td><td class=\"column-2\"> - Ruhetag am Meer -<\/td><td class=\"column-3\">  0 km<\/td>\n<\/tr>\n<tr class=\"row-17\">\n\t<td class=\"column-1\">Di., 10. Juni<\/td><td class=\"column-2\"><a href=\"http:\/\/www.gpsies.com\/map.do?fileId=szynlxcllsjqaeti\"> Hendaye - Irun - Hernani - Andoain - Tolosa - Beasain -  Zumarraga - Udana - Onati <\/a><\/td><td class=\"column-3\">128 km<\/td>\n<\/tr>\n<tr class=\"row-18\">\n\t<td class=\"column-1\">Mi., 11. Juni<\/td><td class=\"column-2\"><a href=\"http:\/\/www.gpsies.com\/map.do?fileId=zpfatowohhurudzy\"> Eskoriatza - Gatzaga - Vitoria-Gasteiz - Iruna-de-Oca - La-Puebla-de-Arganzon - Miranda-de-Ebro <\/a>  In Vitoria bin ich nicht quer durch die Stadt geflogen, sondern hatte eine zeitlang versehentlich die Tracking-App ausgeschaltet.<\/td><td class=\"column-3\">117 km<\/td>\n<\/tr>\n<tr class=\"row-19\">\n\t<td class=\"column-1\">Do., 12. Juni<\/td><td class=\"column-2\"><a href=\"http:\/\/www.gpsies.com\/map.do?fileId=pmqefsjukekxpbzy\"> Treviana - Villaescusa - Burgos - Castrojeriz<\/a><\/td><td class=\"column-3\">148 km<\/td>\n<\/tr>\n<tr class=\"row-20\">\n\t<td class=\"column-1\">Fr. 13. Juni<\/td><td class=\"column-2\"><a href=\"http:\/\/www.gpsies.com\/map.do?fileId=mufpgmxqadxdbims\"> Boadilla-del-Camino - Carrion-de-los-Condes - Ledigos - Sahagun<\/a><\/td><td class=\"column-3\"> 93 km<\/td>\n<\/tr>\n<tr class=\"row-21\">\n\t<td class=\"column-1\">Sa., 14. Juni<\/td><td class=\"column-2\">Gordaliza del Pino - Mansilla-de-las-Mulas - Leon - Hospital-de-Orbigo - Astorga - Santa-Colomba-de-Somoza - Rabanal-del-Camino (kein Track)<\/td><td class=\"column-3\">141 km<\/td>\n<\/tr>\n<tr class=\"row-22\">\n\t<td class=\"column-1\">So. 15. Juni<\/td><td class=\"column-2\">Foncebadon - Cruz-de-Ferro - Ponferrada - Trabadelo (kein Track)<\/td><td class=\"column-3\"> 72 km<\/td>\n<\/tr>\n<tr class=\"row-23\">\n\t<td class=\"column-1\">Mo., 16. Juni<\/td><td class=\"column-2\">Pedrafita-de-Cebreiro - Alto-do-Poio - Samos - Sarria <\/td><td class=\"column-3\"> 70 km<\/td>\n<\/tr>\n<tr class=\"row-24\">\n\t<td class=\"column-1\">Di., 17. Juni<\/td><td class=\"column-2\"><a href=\"http:\/\/www.gpsies.com\/map.do?fileId=ohqpwsotipmoihcj\"> Portomarin - Palas-de-Rei - Melida - Arzua - Santiago<\/a><\/td><td class=\"column-3\">118 km<\/td>\n<\/tr>\n<tr class=\"row-25\">\n\t<td class=\"column-1\">Mi., 18. Juni<\/td><td class=\"column-2\"> - Ruhetag -<\/td><td class=\"column-3\">  0 km<\/td>\n<\/tr>\n<tr class=\"row-26\">\n\t<td class=\"column-1\">Do., 19. Juni<\/td><td class=\"column-2\"><a href=\"http:\/\/www.gpsies.com\/map.do?fileId=mcnwegaansyudmrq\"> Cuntis - Caldas-de-Reis - Pontevedra - Redondela - Tui - Caminha<\/a><\/td><td class=\"column-3\">151 km<\/td>\n<\/tr>\n<tr class=\"row-27\">\n\t<td class=\"column-1\">Fr., 20. Juni<\/td><td class=\"column-2\"><a href=\"http:\/\/www.gpsies.com\/map.do?fileId=uouqytdvxqbfijgz\"> Viana-do-Castelo - Esposende - Navais - Porto - Espinho<\/a><\/td><td class=\"column-3\">117 km<\/td>\n<\/tr>\n<tr class=\"row-28\">\n\t<td class=\"column-1\">Sa., 21. Juni<\/td><td class=\"column-2\"><a href=\"http:\/\/www.gpsies.com\/map.do?fileId=hbyaelodsoeopcxg\"> Ponte-da-Varela - Estarreja - Aveiro - Vagos - Mira - Praia-de-Mira<\/a><\/td><td class=\"column-3\"> 97 km<\/td>\n<\/tr>\n<tr class=\"row-29\">\n\t<td class=\"column-1\">So., 22. Juni<\/td><td class=\"column-2\"><a href=\"http:\/\/www.gpsies.com\/map.do?fileId=qyywmgqyetlowmqb\"> Quiaios - Figueiras-da-Foz - Guia - Praia-da-Vieira - Sao-Pedro-de-Moel<\/a><\/td><td class=\"column-3\">103 km<\/td>\n<\/tr>\n<tr class=\"row-30\">\n\t<td class=\"column-1\">Mo., 23. Juni<\/td><td class=\"column-2\">Nazare - Sao-Martinho-do-Porto - Caldas-da-Rainha - Obidos - Peniche (leider kein Track)<\/td><td class=\"column-3\"> 88 km<\/td>\n<\/tr>\n<tr class=\"row-31\">\n\t<td class=\"column-1\">Di., 24. Juni<\/td><td class=\"column-2\"><a href=\"http:\/\/www.gpsies.com\/map.do?fileId=bikwzbvrqhprlrdk\"> Lourinha - Torres-Vedras - Mafra - Sintra - Cabo-da-Roca - Cascais<\/a><\/td><td class=\"column-3\">129 km<\/td>\n<\/tr>\n<tr class=\"row-32\">\n\t<td class=\"column-1\">Mi., 25. Juni<\/td><td class=\"column-2\"><a href=\"http:\/\/www.gpsies.com\/map.do?fileId=kzdanotmtlnexbob\"> Estoril - Lissabon<\/a><\/td><td class=\"column-3\"> 55 km<\/td>\n<\/tr>\n<tr class=\"row-33\">\n\t<td class=\"column-1\">Do., 26. Juni<\/td><td class=\"column-2\"> - Ruhetag - <\/td><td class=\"column-3\"> -<\/td>\n<\/tr>\n<\/tbody>\n<\/table>\n<!-- #tablepress-2 from cache --><\/p>\n<p><a href=\"https:\/\/i0.wp.com\/dieter-radelt.de\/wp-content\/uploads\/2014\/05\/Europa-Strecke.w5.jpg\" rel=\"lightbox[11]\"><img data-attachment-id=\"148\" data-permalink=\"https:\/\/dieter-radelt.de\/?attachment_id=148\" data-orig-file=\"https:\/\/i0.wp.com\/dieter-radelt.de\/wp-content\/uploads\/2014\/05\/Europa-Strecke.w3.jpg?fit=851%2C709&amp;ssl=1\" data-orig-size=\"851,709\" data-comments-opened=\"1\" data-image-meta=\"{&quot;aperture&quot;:&quot;0&quot;,&quot;credit&quot;:&quot;&quot;,&quot;camera&quot;:&quot;&quot;,&quot;caption&quot;:&quot;&quot;,&quot;created_timestamp&quot;:&quot;0&quot;,&quot;copyright&quot;:&quot;&quot;,&quot;focal_length&quot;:&quot;0&quot;,&quot;iso&quot;:&quot;0&quot;,&quot;shutter_speed&quot;:&quot;0&quot;,&quot;title&quot;:&quot;&quot;}\" data-image-title=\"Europa-Strecke.w3\" data-image-description=\"\" data-image-caption=\"\" data-medium-file=\"https:\/\/i0.wp.com\/dieter-radelt.de\/wp-content\/uploads\/2014\/05\/Europa-Strecke.w3.jpg?fit=300%2C249&amp;ssl=1\" data-large-file=\"https:\/\/i0.wp.com\/dieter-radelt.de\/wp-content\/uploads\/2014\/05\/Europa-Strecke.w3.jpg?fit=525%2C437&amp;ssl=1\" decoding=\"async\" loading=\"lazy\" class=\"aligncenter size-medium wp-image-148\" src=\"https:\/\/i0.wp.com\/dieter-radelt.de\/wp-content\/uploads\/2014\/05\/Europa-Strecke.w5.jpg?resize=300%2C249\" alt=\"Europa-Strecke.w5\" width=\"300\" height=\"249\" data-recalc-dims=\"1\" \/><\/a><\/p>\n<p>Zur\u00fcck gings dann mit GermanWings von Lissabon direkt nach Stuttgart &#8211; Fahrrad als Sondergep\u00e4ck h\u00fcbsch verpackt, damit das Ketten\u00f6l die anderen Koffer nicht verschmutzt.<\/p>\n<p>Als Training und zur Gew\u00f6hnung an das Gewicht von vier Satteltaschen hatte ich im April u. Mai 2014 ein paar <a href=\"http:\/\/dieter-radelt.de\/?page_id=47\">Vorbereitungstouren<\/a> unternommen.<\/p>\n","protected":false},"excerpt":{"rendered":"<p>Montag, 26. Mai 2014 um 7:20 Uhr : Start in Neuhausen auf den Fildern. F\u00fcnf Wochen lang mit dem Fahrrad immer Richtung S\u00fcdwesten, quer durch Frankreich bis an den Atlantik bei Biarritz, weiter in Spanien \u00fcber Burgos und Leon bis Santiago und dann Richtung S\u00fcden \u00fcber Porto bis nach Lissabon &#8211; insgesamt ca. 3.200 Kilometer. &hellip; <\/p>\n<p class=\"link-more\"><a href=\"https:\/\/dieter-radelt.de\/?page_id=11\" class=\"more-link\"><span class=\"screen-reader-text\">\u201eDie Route 2014 &#8211; nach S\u00fcdwest\u201c<\/span> weiterlesen<\/a><\/p>\n","protected":false},"author":1,"featured_media":0,"parent":0,"menu_order":0,"comment_status":"open","ping_status":"open","template":"","meta":{"jetpack_post_was_ever_published":false},"jetpack_sharing_enabled":true,"jetpack_shortlink":"https:\/\/wp.me\/P8rrdX-b","jetpack_likes_enabled":true,"_links":{"self":[{"href":"https:\/\/dieter-radelt.de\/index.php?rest_route=\/wp\/v2\/pages\/11"}],"collection":[{"href":"https:\/\/dieter-radelt.de\/index.php?rest_route=\/wp\/v2\/pages"}],"about":[{"href":"https:\/\/dieter-radelt.de\/index.php?rest_route=\/wp\/v2\/types\/page"}],"author":[{"embeddable":true,"href":"https:\/\/dieter-radelt.de\/index.php?rest_route=\/wp\/v2\/users\/1"}],"replies":[{"embeddable":true,"href":"https:\/\/dieter-radelt.de\/index.php?rest_route=%2Fwp%2Fv2%2Fcomments&post=11"}],"version-history":[{"count":28,"href":"https:\/\/dieter-radelt.de\/index.php?rest_route=\/wp\/v2\/pages\/11\/revisions"}],"predecessor-version":[{"id":1578,"href":"https:\/\/dieter-radelt.de\/index.php?rest_route=\/wp\/v2\/pages\/11\/revisions\/1578"}],"wp:attachment":[{"href":"https:\/\/dieter-radelt.de\/index.php?rest_route=%2Fwp%2Fv2%2Fmedia&parent=11"}],"curies":[{"name":"wp","href":"https:\/\/api.w.org\/{rel}","templated":true}]}}